6 and 14278.
242
Calculate the highest common divisor of 382 and 351058.
382
What is the highest common factor of 462 and 762426?
42
Calculate the greatest common factor of 736 and 16516.
4
What is the highest common divisor of 30947 and 161?
7
What is the highest common factor of 713 and 42711?
23
What is the highest common factor of 1591 and 10841?
37
Calculate the highest common factor of 148932 and 168.
84
Calculate the greatest common divisor of 987 and 97377.
21
What is the highest common factor of 3858444 and 684?
684
Calculate the greatest common divisor of 23 and 3411038.
23
Calculate the greatest common factor of 4731012 and 11.
11
What is the highest common divisor of 600 and 456200?
200
What is the highest common factor of 138 and 52831?
23
What is the highest common factor of 82 and 1113683?
41
Calculate the highest common factor of 20 and 30635.
5
Calculate the highest common factor of 48114 and 110.
22
What is the greatest common divisor of 6 and 1665330?
6
What is the greatest common divisor of 13525 and 425?
25
Calculate the greatest common factor of 353945 and 11890.
145
Calculate the highest common factor of 19 and 1379647.
19
Calculate the highest common divisor of 1235 and 171095.
95
What is the greatest common factor of 13959 and 3201?
33
What is the highest common factor of 54026 and 1362?
454
What is the highest common factor of 51623 and 1261?
13
What is the greatest common factor of 105 and 14315?
35
What is the greatest common divisor of 3700 and 1776?
148
Calculate the greatest common factor of 849 and 251021.
283
What is the highest common factor of 1592 and 31243?
199
What is the highest common divisor of 323 and 4097?
17
Calculate the highest common divisor of 13 and 1318343.
13
What is the highest common divisor of 388 and 906?
2
Calculate the greatest common divisor of 6178 and 8.
2
Calculate the greatest common factor of 48 and 8966.
2
What is the highest common divisor of 18624 and 30846?
582
What is the highest common divisor of 70300 and 266?
38
Calculate the greatest common factor of 282 and 114.
6
Calculate the greatest common divisor of 1914 and 58638.
174
Calculate the highest common divisor of 15539 and 2296.
41
What is the highest common divisor of 40 and 107050?
10
Calculate the highest common divisor of 432345 and 855.
285
Calculate the highest common factor of 111426 and 24.
6
What is the highest common divisor of 4118 and 1247?
29
Calculate the greatest common divisor of 1376439 and 274.
137
Calculate the greatest common factor of 217408 and 86.
86
What is the highest common divisor of 799 and 39809?
47
What is the greatest common divisor of 12272 and 2392?
104
What is the highest common factor of 400 and 55550?
50
What is the greatest common factor of 4509 and 330994?
167
What is the highest common divisor of 1178 and 17746?
38
What is the highest common divisor of 57 and 3054991?
19
Calculate the highest common divisor of 1455 and 2328.
291
Calculate the greatest common divisor of 13040 and 51182.
326
Calculate the greatest common factor of 162 and 2286990.
18
What is the highest common factor of 70530 and 590?
10
Calculate the highest common factor of 66242 and 44.
22
Calculate the greatest common factor of 52 and 3406.
26
What is the highest common factor of 20 and 76910?
10
Calculate the highest common factor of 11428 and 2.
2
Calculate the highest common factor of 119600 and 312.
104
Calculate the greatest common factor of 4023 and 34568.
149
What is the highest common divisor of 56308 and 28?
28
What is the highest common divisor of 8 and 75368?
8
Calculate the greatest common factor of 954997 and 133.
19
Calculate the highest common divisor of 24726 and 1585.
317
Calculate the greatest common factor of 40 and 57600.
40
What is the highest common divisor of 3718 and 3652?
22
Calculate the highest common divisor of 69 and 16859.
23
Calculate the highest common divisor of 2568867 and 105.
21
Calculate the highest common divisor of 52185 and 546.
21
Calculate the highest common factor of 922927 and 1255.
251
What is the highest common divisor of 2151405 and 45?
45
What is the highest common divisor of 1207403 and 1?
1
What is the highest common factor of 1018936 and 36119?
1901
Calculate the greatest common factor of 480 and 24270.
30
What is the greatest common divisor of 2531660 and 20?
20
Calculate the greatest common factor of 35 and 2785.
5
What is the greatest common factor of 1854 and 65714?
206
Calculate the greatest common divisor of 75 and 111050.
25
What is the greatest common factor of 990 and 37070?
110
What is the highest common divisor of 64144 and 1744?
16
Calculate the greatest common factor of 4270 and 35441.
427
Calculate the highest common divisor of 16797 and 1199.
11
Calculate the greatest common factor of 714749 and 7.
7
What is the greatest common factor of 996 and 3204?
12
Calculate the greatest common divisor of 550 and 434775.
275
Calculate the highest common divisor of 709779 and 21.
21
What is the highest common factor of 299700 and 6?
6
What is the greatest common divisor of 590002 and 238?
238
What is the greatest common divisor of 5265 and 4590?
135
Calculate the greatest common factor of 59058 and 54.
18
Calculate the greatest common factor of 340 and 5644.
68
Calculate the greatest common factor of 83131 and 7080.
59
Calculate the highest common factor of 136285 and 1940.
485
What is the highest common factor of 13 and 122692?
1
Calculate the highest common divisor of 520 and 6123.
13
Calculate the greatest common factor of 384 and 4644.
12
Calculate the greatest common factor of 5 and 60235.
5
Calculate the highest common divisor of 108256 and 17408.
544
What is the highest common factor of 10199 and 2000461?
1457
What is the highest common divisor of 980 and 29204?
196
What is the greatest common factor of 14 and 541?
1
Calculate the greatest common divisor of 1535 and 75829.
307
Calculate the greatest common factor of 216 and 8181.
27
Calculate the greatest common divisor of 5 and 218550.
5
Calculate the greatest common factor of 130 and 979628.
26
Calculate the highest common factor of 2677 and 6.
1
Calculate the highest common divisor of 9828 and 254436.
1092
What is the greatest common divisor of 335 and 11065?
5
Calculate the highest common factor of 3773 and 114268.
539
What is the greatest common divisor of 745 and 135?
5
Calculate the greatest common divisor of 460785 and 1105.
1105
What is the greatest common factor of 10608 and 57?
3
What is the greatest common divisor of 102 and 660?
6
Calculate the highest common factor of 69 and 141933.
69
Calculate the greatest common divisor of 33474 and 4326.
42
What is the highest common factor of 212 and 14575?
53
Calculate the greatest common divisor of 474174 and 648.
162
What is the greatest common factor of 12668 and 296?
4
Calculate the greatest common divisor of 416 and 1742.
26
Calculate the greatest common factor of 124805 and 109.
109
Calculate the highest common factor of 177 and 5337.
3
Calculate the highest common divisor of 1419 and 67056.
33
Calculate the greatest common factor of 24397 and 899.
31
What is the highest common divisor of 9 and 72045?
9
Calculate the greatest common factor of 22 and 509773.
11
What is the highest common divisor of 17057 and 5071?
461
Calculate the highest common factor of 100990 and 70.
10
What is the highest common factor of 4784 and 5203796?
1196
What is the highest common divisor of 814 and 209?
11
Calculate the highest common factor of 20 and 5185.
5
What is the highest common factor of 118794 and 390?
78
Calculate the highest common divisor of 29 and 1321037.
29
What is the highest common factor of 39 and 2886351?
39
What is the highest common factor of 1789409 and 566?
283
What is the greatest common factor of 180 and 1956480?
60
What is the greatest common factor of 49518 and 2?
2
What is the highest common divisor of 2365 and 11395?
215
What is the greatest common divisor of 3050 and 3538?
122
What is the highest common factor of 2482 and 3942?
146
Calculate the highest common factor of 25614 and 330.
6
Calculate the highest common divisor of 186003 and 27.
27
Calculate the greatest common divisor of 6 and 19959.
3
Calculate the highest common factor